r of m and o.
20
Let z(p) = 22*p + 11. Let l be z(2). Let x(t) = t**2 - 3*t + 2. Let n be x(2). Let q be (1 - (n - 0)) + 21. Calculate the greatest common factor of q and l.
11
Suppose 0*k = -2*k + 3*x + 620, -5*k + 1504 = 4*x. Let p be 50657/2685 + (12/(-45))/(-2). What is the greatest common factor of p and k?
19
Suppose 2*s + j - 82 = 0, -17*s - 31 = -18*s + 2*j. Suppose 24 = -s*y + 42*y. Calculate the greatest common divisor of y and 4.
4
Suppose 1 + 17 = -6*l. Let n be (-2 - l) + 20/4. What is the highest common divisor of 132 and n?
6
Let j(o) = o**2 + 2*o + 11. Let d = 34 - 34. Let a be j(d). Let n = -27 + 82. Calculate the highest common factor of a and n.
11
Suppose -p = 2*t - 61, 2*t - 2*p + 66 = 4*t. Suppose -7*u + 112 = -t. Calculate the highest common factor of u and 80.
20
Suppose 0 = 4*d - 10841 + 1513. Calculate the highest common divisor of d and 44.
44
Let h(x) = x**3 + 8*x**2 - 2*x + 15. Let c be h(-8). Suppose -79 - c = -v. Calculate the greatest common factor of v and 10.
10
Let h = -41 + 39. Let w be (-2)/2*(-4 + h - 2). Calculate the greatest common divisor of 88 and w.
8
Let m = 344 - 319. Calculate the greatest common factor of m and 125.
25
Let w be (3 - -21) + (-1 - 2). Let o = -16 - -22. Suppose 0 = z + z - o. What is the highest common factor of w and z?
3
Suppose -3*a = -4*a - 4*a. Suppose a = -5*p + 7*p - 78. Suppose 0 = 2*s - 4*l - 30, -3*s - 4 + 44 = -l. What is the greatest common divisor of p and s?
13
Let s = 456 - 218. Suppose 2*z - 43 = 5*g, g - 2*g = -5*z + 165. What is the highest common divisor of s and z?
34
Let m = 6 + 31. What is the greatest common divisor of m and 74?
37
Suppose -2*q - u = -29 - 387, -852 = -4*q + 3*u. What is the highest common divisor of 90 and q?
30
Let z = -103 + 108. Calculate the greatest common divisor of 40 and z.
5
Let g(z) = -5*z**3 - 2*z**2 + 4*z + 11. Let h be g(-3). What is the greatest common divisor of h and 4?
4
Let m(c) = 2*c**2 + 6*c - 6. Let d be m(2). Let f(w) = w**3 - 5*w**2 - 5*w - 4. Let v be f(6). What is the highest common factor of d and v?
2
Let l(b) = b**3 + 8*b**2 + 5*b - 9. Let z be l(-7). Suppose 2 - 152 = -z*c. What is the highest common divisor of 15 and c?
15
Let l = -5 - -23. Calculate the highest common factor of l and 36.
18
Let t be 4/14 + (-324)/7. Let m = t + 81. Suppose m = 6*r - r. Calculate the highest common divisor of r and 63.
7
Suppose 8 = 3*j + 2. Let o(q) = -3*q + 28. Let u be o(8). What is the greatest common factor of j and u?
2
Suppose 4*z - 35 = -0*z - 3*p, -2*z = 5*p - 21. Let f be 1*(1 + (3 - 3)). Let v be f/7 - 1341/(-21). What is the greatest common divisor of v and z?
8
Suppose -3*d = 4*x - 1284, 4*x + 1257 = 3*d - x. Calculate the greatest common divisor of 8 and d.
8
Let k = -26 + 4. Let x = k + 41. Calculate the greatest common divisor of x and 95.
19
Let l(h) = -3*h**3 - h**2 + 3*h + 2. Let m be l(-2). Let y be (-38 - 2)*(-48)/120. Calculate the highest common factor of m and y.
16
Let c = -88 - -184. Let i(u) = u**3 - u**2 - u + 9. Let r be i(0). Suppose -49 = -4*a + t, 5*a - 67 = -2*t - r. Calculate the highest common divisor of a and c.
12
Let n(o) = 8*o**2 - 32. Let k be n(4). Calculate the highest common divisor of k and 24.
24
Let c = 499 - 296. Let v(n) = -n**3 - 17*n**2 - 16*n + 6. Let j be v(-16). Let r(y) = 5*y - 1. Let w be r(j). What is the greatest common factor of w and c?
29
Suppose -7*t + 1552 = 572. Suppose 15*m = 20*m - t. What is the highest common divisor of m and 4?
4
Let d(m) = -4*m**3 - m**2 + 2. Let s be d(-2). Suppose -3*f = 4*w - 160 - 12, -3*f + 212 = 5*w. What is the greatest common divisor of s and w?
10
Let k = 197 - 164. What is the greatest common divisor of 11 and k?
11
Let m be ((-228)/(-95))/((-217)/(-215) - 1). Calculate the highest common divisor of 3 and m.
3
Let u = 9 - -47. Calculate the highest common divisor of 7 and u.
7
Let y(c) = 2*c**2 + 13*c + 42. Let x = -69 + 61. Let m be y(x). What is the highest common divisor of 22 and m?
22
Let j(b) = b**3 + 2*b**2 + b - 37. Let k(l) = -l**3 - l**2 - l. Let w(u) = -j(u) - 2*k(u). Let t be w(0). What is the highest common factor of t and 37?
37
Let o(x) = -13*x - 17. Let w be o(-3). Suppose 0 = -5*k - v + 2968, -2*k + 5*v = -3*k + 584. Suppose k = 4*d - d. What is the greatest common factor of d and w?
22
Suppose 2672 = 2*p - 4*f, 4*p = 3*p + 4*f + 1346. Let j be 4/(-10) + p/15. What is the greatest common factor of j and 11?
11
Let t be (-16)/(-32)*(-7)/(14/(-18680)). What is the highest common factor of t and 10?
10
Let y be 3/(-1 - (-94)/88). Let c be (-1)/5 - 63/(-15). What is the highest common divisor of c and y?
4
Suppose 46*y - 51*y = -5*k - 800, -y = 4*k - 180. Calculate the greatest common divisor of y and 123.
41
Let o = -18 + 11. Let j(i) = -18*i + 10. Let a be j(o). Suppose -3*s + 17 = -a. What is the greatest common factor of 34 and s?
17
Suppose 4*m + 15 = -13. Let b(d) = d**3 + 6*d**2 - 16*d - 7. Let h be b(m). Calculate the greatest common factor of h and 140.
28
Let n = 869 + -797. Suppose 5*f - 6 - 4 = 0. Let l be f/4*(1 - -35). Calculate the highest common factor of n and l.
18
Suppose -r + 408 = -3*r. Let h = r + 342. Let l = 263 - h. Calculate the highest common factor of l and 50.
25
Let k be (-5*5/(-25))/(3/(-906)). Let y = k - -423. Calculate the highest common divisor of 11 and y.
11
Let z(a) = -19*a**3 - 6*a**2 - 9*a - 6. Let y be z(-2). What is the greatest common factor of y and 35?
35
Let j be (1 + 5/15)/((-9)/162*-12). Suppose -3*g - 1 = -5*x, 5*g - 15 = -0*g. Calculate the greatest common divisor of x and j.
2
Let j = -361 - -613. Let f = -132 + j. What is the highest common factor of 24 and f?
24
Suppose 239 = 4*f + 3*c, -f - c + 36 = -25. Suppose 65*s = 79*s - 1960. Calculate the greatest common divisor of f and s.
28
Let x be 14/(-4) - 3/(-2). Let n be 6 - 0 - (0 + x). Let k be (-2)/n + 10575/60. Calculate the greatest common factor of k and 16.
16
Let l(w) = w**3 + 5*w**2 - 6*w + 2. Let g be l(2). Calculate the highest common factor of g and 243.
9
Suppose 4 = -8*b + 6*b, 4600 = 3*w + 4*b. What is the greatest common divisor of 24 and w?
24
Let l(g) = -g**2 - 9*g - 2. Let f be l(-8). Suppose -f*v = v - 14. Calculate the greatest common factor of v and 14.
2
Let z(c) = c**3 - 38*c**2 + 39*c - 59. Let a be z(37). What is the highest common factor of 95 and a?
5
Let j be -1*5 - 4325/(-25). Suppose u - 14 - 7 = 0. What is the greatest common factor of u and j?
21
Let l be -47 + 45 - -2*466/4. Calculate the greatest common factor of 99 and l.
33
Suppose 3*v + 1 = 148. Let s be -3*6/(-45) - 39/(-15). Suppose c - 7 = -s, -2*c = -4*m + 20. What is the highest common divisor of v and m?
7
Let z(j) = j**2 - 4*j + 4. Let r be (-352)/(-80) - (-4)/(-10). Let v be z(r). What is the highest common factor of v and 6?
2
Let r(i) be the second derivative of -i**4/12 + 4*i**3/3 - 9*i**2/2 - 11*i. Let j be r(19). Let v = -113 - j. What is the greatest common divisor of v and 15?
15
Suppose -636 = -5*o + 4*g, 4*o + g + 2*g = 484. What is the highest common factor of 682 and o?
62
Let y(h) = -h + 693. Let r be y(0). What is the greatest common divisor of r and 63?
63
Let u(q) = -q**3 - 14*q**2 + 5. Let h be u(-14). Suppose 0*v - 3*v + h*f + 72 = 0, 12 = -4*f. What is the highest common divisor of 57 and v?
19
Suppose -25*c - 1575 = -46*c. Calculate the highest common divisor of c and 350.
25
Let w be ((-38)/(-10))/((-6)/(-30)). Let j be 2055/12 + (-3)/12. What is the greatest common divisor of j and w?
19
Let q = 25 - 26. Let y(f) = -10*f + 3. Let b be y(q). Let d = 34 + -21. Calculate the highest common divisor of d and b.
13
Suppose 4*w - 6*w = -36. Suppose -5*a - 15 = -i - 4*a, 4*a - 36 = -4*i. Calculate the greatest common factor of i and w.
6
Let r(t) = 2*t + 18. Let v be r(-8). Suppose -c + v*h + 5 = 0, -4*c + 9*c = 4*h + 19. Let d = c + 5. Calculate the greatest common factor of d and 20.
4
Let s = -63 + 65. Suppose -4*c + s*c + 224 = 0. What is the greatest common divisor of c and 28?
28
Let r(k) be the third derivative of 5/12*k**4 + 7/6*k**3 - 1/60*k**5 - 8*k**2 + 0*k + 0. Let m be r(6). Calculate the highest common divisor of m and 31.
31
Let h = -395 + 405. What is the highest common factor of 135 and h?
5